{"id":564,"date":"2015-07-14T12:09:42","date_gmt":"2015-07-14T12:09:42","guid":{"rendered":"http:\/\/medicine-plus.cmsmasters.net\/?page_id=564"},"modified":"2026-04-13T22:19:00","modified_gmt":"2026-04-13T20:19:00","slug":"cennik","status":"publish","type":"page","link":"https:\/\/cililin.sk\/index.php\/cennik\/","title":{"rendered":"Cenn\u00edk \u0161k.rok 2026\/2027"},"content":{"rendered":"<style type=\"text\/css\"> \n#cmsmasters_row_69ecf24f13d3a5_93950497 .cmsmasters_row_outer_parent { \n\tpadding-top: 80px; \n} \n\n#cmsmasters_row_69ecf24f13d3a5_93950497 .cmsmasters_row_outer_parent { \n\tpadding-bottom: 70px; \n} \n\n\n#cmsmasters_pricing_item_69ecf24f13f6c .cmsmasters_pricing_item_cont_inner { \n\tbackground-color:#007097;\n} \n#cmsmasters_pricing_item_69ecf24f14009 .cmsmasters_pricing_item_cont_inner { \n\tbackground-color:#f6c127;\n} \n#cmsmasters_pricing_item_69ecf24f14079 .cmsmasters_pricing_item_cont_inner { \n\tbackground-color:#01a491;\n} \n\n#cmsmasters_pricing_item_69ecf24f14129 .cmsmasters_pricing_item_cont_inner { \n\tbackground-color:#01a491;\n} \n \n#cmsmasters_row_69ecf24f142d73_91652400 .cmsmasters_row_outer_parent { \n\tpadding-top: 0px; \n} \n\n#cmsmasters_row_69ecf24f142d73_91652400 .cmsmasters_row_outer_parent { \n\tpadding-bottom: 50px; \n} \n\n \n#cmsmasters_divider_69ecf24f1442c7_06439893 { \n\tborder-bottom-width:1px; \n\tborder-bottom-style:solid; \n\tpadding-top:50px; \n\tmargin-bottom:50px; \n} \n \n#cmsmasters_heading_69ecf24f144a1 { \n\ttext-align:center; \n\tmargin-top:0px; \n\tmargin-bottom:20px; \n} \n\n#cmsmasters_heading_69ecf24f144a1 .cmsmasters_heading { \n\ttext-align:center; \n} \n\n#cmsmasters_heading_69ecf24f144a1 .cmsmasters_heading, #cmsmasters_heading_69ecf24f144a1 .cmsmasters_heading a { \n\tfont-weight:normal; \n\tfont-style:normal; \n} \n\n#cmsmasters_heading_69ecf24f144a1 .cmsmasters_heading_divider { \n} \n\n \n#cmsmasters_row_69ecf24f145e17_71341195 .cmsmasters_row_outer_parent { \n\tpadding-top: 0px; \n} \n\n#cmsmasters_row_69ecf24f145e17_71341195 .cmsmasters_row_outer_parent { \n\tpadding-bottom: 50px; \n} \n\n \n#cmsmasters_divider_69ecf24f146e54_97203475 { \n\tborder-bottom-width:1px; \n\tborder-bottom-style:solid; \n\tpadding-top:50px; \n\tmargin-bottom:50px; \n} \n \n#cmsmasters_heading_69ecf24f1473c { \n\ttext-align:center; \n\tmargin-top:0px; \n\tmargin-bottom:20px; \n} \n\n#cmsmasters_heading_69ecf24f1473c .cmsmasters_heading { \n\ttext-align:center; \n} \n\n#cmsmasters_heading_69ecf24f1473c .cmsmasters_heading, #cmsmasters_heading_69ecf24f1473c .cmsmasters_heading a { \n\tfont-weight:normal; \n\tfont-style:normal; \n} \n\n#cmsmasters_heading_69ecf24f1473c .cmsmasters_heading_divider { \n} \n\n \n#cmsmasters_row_69ecf24f147737_60504710 .cmsmasters_row_outer_parent { \n\tpadding-top: 0px; \n} \n\n#cmsmasters_row_69ecf24f147737_60504710 .cmsmasters_row_outer_parent { \n\tpadding-bottom: 50px; \n} \n\n\n#cmsmasters_pricing_item_69ecf24f1484b .cmsmasters_pricing_item_cont_inner { \n\tbackground-color:#c9c952;\n} \n#cmsmasters_pricing_item_69ecf24f148f7 .cmsmasters_pricing_item_cont_inner { \n\tbackground-color:#99c952;\n} \n \n#cmsmasters_row_69ecf24f1493d3_28591848 .cmsmasters_row_outer_parent { \n\tpadding-top: 0px; \n} \n\n#cmsmasters_row_69ecf24f1493d3_28591848 .cmsmasters_row_outer_parent { \n\tpadding-bottom: 50px; \n} \n\n<\/style><div id=\"cmsmasters_row_69ecf24f13d3a5_93950497\" class=\"cmsmasters_row cmsmasters_color_scheme_default cmsmasters_row_top_default cmsmasters_row_bot_default cmsmasters_row_boxed\">\n<div class=\"cmsmasters_row_outer_parent\">\n<div class=\"cmsmasters_row_outer\">\n<div class=\"cmsmasters_row_inner\">\n<div class=\"cmsmasters_row_margin\">\n<div class=\"cmsmasters_column one_first\">\n \n<div class=\"cmsmasters_pricing_table pricing_three\">\n<div id=\"cmsmasters_pricing_item_69ecf24f13f6c\" class=\"cmsmasters_pricing_item pricing_best\">\n<div class=\"cmsmasters_pricing_item_inner\">\n<div class=\"cmsmasters_pricing_item_cont_wrap\">\n<div class=\"cmsmasters_pricing_item_cont_inner\">\n<h2 class=\"pricing_title\">Celodenn\u00fd pobyt<\/h2>\n<div class=\"cmsmasters_price_wrap\">\n<span class=\"cmsmasters_currency\">\u20ac<\/span>\n<span class=\"cmsmasters_price\">405<\/span>\n<br \/><span class=\"cmsmasters_period\">7.00 \u2013 17.30<\/span>\n<\/div>\n<\/div>\n<ul class=\"feature_list\">\n<li><\/li>\n<\/ul>\n<\/div>\n<\/div>\n<\/div>\n<div id=\"cmsmasters_pricing_item_69ecf24f14009\" class=\"cmsmasters_pricing_item pricing_best\">\n<div class=\"cmsmasters_pricing_item_inner\">\n<div class=\"cmsmasters_pricing_item_cont_wrap\">\n<div class=\"cmsmasters_pricing_item_cont_inner\">\n<h2 class=\"pricing_title\">Poldenn\u00fd pobyt<\/h2>\n<div class=\"cmsmasters_price_wrap\">\n<span class=\"cmsmasters_currency\">\u20ac<\/span>\n<span class=\"cmsmasters_price\">335<\/span>\n<br \/><span class=\"cmsmasters_period\">7.00 \u2013 12.30<\/span>\n<\/div>\n<\/div>\n<ul class=\"feature_list\">\n<li><\/li>\n<\/ul>\n<\/div>\n<\/div>\n<\/div>\n<div id=\"cmsmasters_pricing_item_69ecf24f14079\" class=\"cmsmasters_pricing_item pricing_best\">\n<div class=\"cmsmasters_pricing_item_inner\">\n<div class=\"cmsmasters_pricing_item_cont_wrap\">\n<div class=\"cmsmasters_pricing_item_cont_inner\">\n<h2 class=\"pricing_title\">Poldenn\u00fd pobyt (3 cel\u00e9 dni v t\u00fd\u017edni) \/ MESIAC<\/h2>\n<div class=\"cmsmasters_price_wrap\">\n<span class=\"cmsmasters_currency\">\u20ac<\/span>\n<span class=\"cmsmasters_price\">335<\/span>\n<\/div>\n<\/div>\n<ul class=\"feature_list\">\n<li><\/li>\n<\/ul>\n<\/div>\n<\/div>\n<\/div>\n<\/div>\n \n<div class=\"cmsmasters_pricing_table pricing_one\">\n<div id=\"cmsmasters_pricing_item_69ecf24f14129\" class=\"cmsmasters_pricing_item pricing_best\">\n<div class=\"cmsmasters_pricing_item_inner\">\n<div class=\"cmsmasters_pricing_item_cont_wrap\">\n<div class=\"cmsmasters_pricing_item_cont_inner\">\n<h2 class=\"pricing_title\">Ka\u017ed\u00e1 za\u010dat\u00e1 hodina navy\u0161e po 17.30 hod<\/h2>\n<div class=\"cmsmasters_price_wrap\">\n<span class=\"cmsmasters_currency\">\u20ac<\/span>\n<span class=\"cmsmasters_price\">7<\/span>\n<\/div>\n<\/div>\n<ul class=\"feature_list\">\n<li><\/li>\n<\/ul>\n<\/div>\n<\/div>\n<\/div>\n<\/div>\n<\/div>\n<\/div>\n<\/div>\n<\/div>\n<\/div>\n<\/div>\n<div id=\"cmsmasters_row_69ecf24f142d73_91652400\" class=\"cmsmasters_row cmsmasters_color_scheme_default cmsmasters_row_top_default cmsmasters_row_bot_default cmsmasters_row_boxed\">\n<div class=\"cmsmasters_row_outer_parent\">\n<div class=\"cmsmasters_row_outer\">\n<div class=\"cmsmasters_row_inner\">\n<div class=\"cmsmasters_row_margin\">\n<div class=\"cmsmasters_column one_first\">\n\n<div id=\"cmsmasters_divider_69ecf24f1442c7_06439893\" class=\"cmsmasters_divider cmsmasters_divider_width_long cmsmasters_divider_pos_center\"><\/div>\n\n<div id=\"cmsmasters_heading_69ecf24f144a1\" class=\"cmsmasters_heading_wrap cmsmasters_heading_align_center\">\n\t<h1 class=\"cmsmasters_heading\">CENN\u00cdK PLATN\u00dd PRI UMIESTNEN\u00cd DVOCH A VIAC DET\u00cd<\/h1>\n<\/div><div class=\"cmsmasters_pricing_table pricing_two\">\n<div id=\"cmsmasters_pricing_item_69ecf24f1454e\" class=\"cmsmasters_pricing_item\">\n<div class=\"cmsmasters_pricing_item_inner\">\n<div class=\"cmsmasters_pricing_item_cont_wrap\">\n<div class=\"cmsmasters_pricing_item_cont_inner\">\n<h2 class=\"pricing_title\">Celodenn\u00fd pobyt 7.00 \u2013 17.30 \/ MESIAC<\/h2>\n<div class=\"cmsmasters_price_wrap\">\n<span class=\"cmsmasters_currency\">\u20ac<\/span>\n<span class=\"cmsmasters_price\">365<\/span>\n<\/div>\n<\/div>\n<ul class=\"feature_list\">\n<li><\/li>\n<\/ul>\n<\/div>\n<\/div>\n<\/div>\n<div id=\"cmsmasters_pricing_item_69ecf24f1459c\" class=\"cmsmasters_pricing_item\">\n<div class=\"cmsmasters_pricing_item_inner\">\n<div class=\"cmsmasters_pricing_item_cont_wrap\">\n<div class=\"cmsmasters_pricing_item_cont_inner\">\n<h2 class=\"pricing_title\">Poldenn\u00fd pobyt 7.00 \u2013 12.30 \/ MESIAC<\/h2>\n<div class=\"cmsmasters_price_wrap\">\n<span class=\"cmsmasters_currency\">\u20ac<\/span>\n<span class=\"cmsmasters_price\">305<\/span>\n<\/div>\n<\/div>\n<ul class=\"feature_list\">\n<li><\/li>\n<\/ul>\n<\/div>\n<\/div>\n<\/div>\n<\/div>\n<\/div>\n<\/div>\n<\/div>\n<\/div>\n<\/div>\n<\/div>\n<div id=\"cmsmasters_row_69ecf24f145e17_71341195\" class=\"cmsmasters_row cmsmasters_color_scheme_default cmsmasters_row_top_default cmsmasters_row_bot_default cmsmasters_row_boxed\">\n<div class=\"cmsmasters_row_outer_parent\">\n<div class=\"cmsmasters_row_outer\">\n<div class=\"cmsmasters_row_inner\">\n<div class=\"cmsmasters_row_margin\">\n<div class=\"cmsmasters_column one_first\">\n\n<div id=\"cmsmasters_divider_69ecf24f146e54_97203475\" class=\"cmsmasters_divider cmsmasters_divider_width_long cmsmasters_divider_pos_center\"><\/div>\n\n<div id=\"cmsmasters_heading_69ecf24f1473c\" class=\"cmsmasters_heading_wrap cmsmasters_heading_align_center\">\n\t<h1 class=\"cmsmasters_heading\">Cenn\u00edk stravy<\/h1>\n<\/div>\n<\/div>\n<\/div>\n<\/div>\n<\/div>\n<\/div>\n<\/div>\n<div id=\"cmsmasters_row_69ecf24f147737_60504710\" class=\"cmsmasters_row cmsmasters_color_scheme_default cmsmasters_row_top_default cmsmasters_row_bot_default cmsmasters_row_boxed\">\n<div class=\"cmsmasters_row_outer_parent\">\n<div class=\"cmsmasters_row_outer\">\n<div class=\"cmsmasters_row_inner\">\n<div class=\"cmsmasters_row_margin\">\n<div class=\"cmsmasters_column one_first\">\n \n<div class=\"cmsmasters_pricing_table pricing_three\">\n<div id=\"cmsmasters_pricing_item_69ecf24f1484b\" class=\"cmsmasters_pricing_item pricing_best\">\n<div class=\"cmsmasters_pricing_item_inner\">\n<div class=\"cmsmasters_pricing_item_cont_wrap\">\n<div class=\"cmsmasters_pricing_item_cont_inner\">\n<h2 class=\"pricing_title\">Celodenn\u00fd pobyt &#8211; strava na jeden de\u0148<\/h2>\n<div class=\"cmsmasters_price_wrap\">\n<span class=\"cmsmasters_currency\">\u20ac<\/span>\n<span class=\"cmsmasters_price\">4,60<\/span>\n<\/div>\n<\/div>\n<ul class=\"feature_list\">\n<li><\/li>\n<\/ul>\n<\/div>\n<\/div>\n<\/div>\n<div id=\"cmsmasters_pricing_item_69ecf24f148a7\" class=\"cmsmasters_pricing_item\">\n<div class=\"cmsmasters_pricing_item_inner\">\n<div class=\"cmsmasters_pricing_item_cont_wrap\">\n<div class=\"cmsmasters_pricing_item_cont_inner\">\n<h2 class=\"pricing_title\">Poldenn\u00fd pobyt- strava 7.00 \u2013 12.30<\/h2>\n<div class=\"cmsmasters_price_wrap\">\n<span class=\"cmsmasters_currency\">\u20ac<\/span>\n<span class=\"cmsmasters_price\">4,00<\/span>\n<\/div>\n<\/div>\n<ul class=\"feature_list\">\n<li><\/li>\n<\/ul>\n<\/div>\n<\/div>\n<\/div>\n<div id=\"cmsmasters_pricing_item_69ecf24f148f7\" class=\"cmsmasters_pricing_item pricing_best\">\n<div class=\"cmsmasters_pricing_item_inner\">\n<div class=\"cmsmasters_pricing_item_cont_wrap\">\n<div class=\"cmsmasters_pricing_item_cont_inner\">\n<h2 class=\"pricing_title\">Poldenn\u00fd pobyt- strava na jeden de\u0148<\/h2>\n<div class=\"cmsmasters_price_wrap\">\n<span class=\"cmsmasters_currency\">\u20ac<\/span>\n<span class=\"cmsmasters_price\">4,60<\/span>\n<\/div>\n<\/div>\n<ul class=\"feature_list\">\n<li><\/li>\n<\/ul>\n<\/div>\n<\/div>\n<\/div>\n<\/div>\n<\/div>\n<\/div>\n<\/div>\n<\/div>\n<\/div>\n<\/div>\n<div id=\"cmsmasters_row_69ecf24f1493d3_28591848\" class=\"cmsmasters_row cmsmasters_color_scheme_default cmsmasters_row_top_default cmsmasters_row_bot_default cmsmasters_row_boxed\">\n<div class=\"cmsmasters_row_outer_parent\">\n<div class=\"cmsmasters_row_outer\">\n<div class=\"cmsmasters_row_inner\">\n<div class=\"cmsmasters_row_margin\">\n<div class=\"cmsmasters_column one_first\">\n<div class=\"cmsmasters_text\">\n<div class=\"page\" title=\"Page 1\">\n<div class=\"layoutArea\">\n<div class=\"column\">\n<p style=\"text-align: center;\">V cene su\u0301 zapoc\u030ci\u0301tane\u0301 vs\u030cetky aktivity vra\u0301tane kru\u0301z\u030ckov pre deti. V pri\u0301pade organizovania vy\u0301letov resp. aktivi\u0301t, ktore\u0301 budu\u0301 vyz\u030cadovat\u030c na\u0301klady navys\u030ce bude cena konzultovana\u0301 s rodic\u030cmi osobne.<\/p>\n<p style=\"text-align: center;\">Ak Vas\u030ce diet\u030ca potrebuje poc\u030cas dn\u030ca plienky, resp, plienkove\u0301 nohavic\u030cky, tieto nie su\u0301 zapoc\u030ci\u0301tane\u0301 v cene starostlivosti o diet\u030ca.<\/p>\n<p style=\"text-align: center;\">V pri\u0301pade, z\u030ce potrebujete starostlivost\u030c o diet\u030ca mimo preva\u0301dzkovy\u0301ch hodi\u0301n alebo poc\u030cas vi\u0301kendu, informujte sa prosi\u0301m na telefo\u0301nnych c\u030ci\u0301slach alebo cez e-mail uvedene\u0301 v kontaktoch.<\/p>\n<\/div>\n<\/div>\n<\/div>\n<\/div>\n<div class=\"cmsmasters_text\">\n<div class=\"page\" title=\"Page 1\">\n<div class=\"layoutArea\">\n<div class=\"column\">\n<p style=\"text-align: center;\"><strong>NEZABUDNITE, Z\u030cE AK MA\u0301 VAS\u030cE DIET\u030cA MENEJ AKO 3 ROKY, MO\u0302Z\u030cETE SI UPLATNIT\u030c NA\u0301ROK NA PRI\u0301SPEVOK NA STAROSTLIVOST\u030c O DIET\u030cA PODL\u030cA ZA\u0301KONA C\u030c. 561\/2008 Z.Z. V MAX. VY\u0301S\u030cKE 280 EUR.<\/strong><\/p>\n<\/div>\n<\/div>\n<\/div>\n<\/div>\n<\/div>\n<\/div>\n<\/div>\n<\/div>\n<\/div>\n<\/div>\n\n","protected":false},"excerpt":{"rendered":"","protected":false},"author":1,"featured_media":0,"parent":0,"menu_order":0,"comment_status":"closed","ping_status":"open","template":"","meta":{"footnotes":""},"class_list":["post-564","page","type-page","status-publish","hentry"],"yoast_head":"<!-- This site is optimized with the Yoast SEO plugin v26.7 - https:\/\/yoast.com\/wordpress\/plugins\/seo\/ -->\n<title>Cenn\u00edk \u0161k.rok 2026\/2027 - S\u00fakromn\u00e1 \u0161k\u00f4lka CILILIN<\/title>\n<meta name=\"robots\" content=\"index, follow, max-snippet:-1, max-image-preview:large, max-video-preview:-1\" \/>\n<link rel=\"canonical\" href=\"https:\/\/cililin.sk\/index.php\/cennik\/\" \/>\n<meta property=\"og:locale\" content=\"sk_SK\" \/>\n<meta property=\"og:type\" content=\"article\" \/>\n<meta property=\"og:title\" content=\"Cenn\u00edk \u0161k.rok 2026\/2027 - S\u00fakromn\u00e1 \u0161k\u00f4lka CILILIN\" \/>\n<meta property=\"og:url\" content=\"https:\/\/cililin.sk\/index.php\/cennik\/\" \/>\n<meta property=\"og:site_name\" content=\"S\u00fakromn\u00e1 \u0161k\u00f4lka CILILIN\" \/>\n<meta property=\"article:modified_time\" content=\"2026-04-13T20:19:00+00:00\" \/>\n<meta name=\"twitter:card\" content=\"summary_large_image\" \/>\n<meta name=\"twitter:label1\" content=\"Predpokladan\u00fd \u010das \u010d\u00edtania\" \/>\n\t<meta name=\"twitter:data1\" content=\"2 min\u00faty\" \/>\n<script type=\"application\/ld+json\" class=\"yoast-schema-graph\">{\"@context\":\"https:\/\/schema.org\",\"@graph\":[{\"@type\":\"WebPage\",\"@id\":\"https:\/\/cililin.sk\/index.php\/cennik\/\",\"url\":\"https:\/\/cililin.sk\/index.php\/cennik\/\",\"name\":\"Cenn\u00edk \u0161k.rok 2026\/2027 - S\u00fakromn\u00e1 \u0161k\u00f4lka CILILIN\",\"isPartOf\":{\"@id\":\"https:\/\/www.cililin.sk\/#website\"},\"datePublished\":\"2015-07-14T12:09:42+00:00\",\"dateModified\":\"2026-04-13T20:19:00+00:00\",\"breadcrumb\":{\"@id\":\"https:\/\/cililin.sk\/index.php\/cennik\/#breadcrumb\"},\"inLanguage\":\"sk-SK\",\"potentialAction\":[{\"@type\":\"ReadAction\",\"target\":[\"https:\/\/cililin.sk\/index.php\/cennik\/\"]}]},{\"@type\":\"BreadcrumbList\",\"@id\":\"https:\/\/cililin.sk\/index.php\/cennik\/#breadcrumb\",\"itemListElement\":[{\"@type\":\"ListItem\",\"position\":1,\"name\":\"Home\",\"item\":\"https:\/\/www.cililin.sk\/\"},{\"@type\":\"ListItem\",\"position\":2,\"name\":\"Cenn\u00edk \u0161k.rok 2026\/2027\"}]},{\"@type\":\"WebSite\",\"@id\":\"https:\/\/www.cililin.sk\/#website\",\"url\":\"https:\/\/www.cililin.sk\/\",\"name\":\"S\u00fakromn\u00e1 \u0161k\u00f4lka CILILIN\",\"description\":\"S\u00fakromn\u00e1 \u0161k\u00f4lka - Z\u00e1horsk\u00e1 Bystrica\",\"potentialAction\":[{\"@type\":\"SearchAction\",\"target\":{\"@type\":\"EntryPoint\",\"urlTemplate\":\"https:\/\/www.cililin.sk\/?s={search_term_string}\"},\"query-input\":{\"@type\":\"PropertyValueSpecification\",\"valueRequired\":true,\"valueName\":\"search_term_string\"}}],\"inLanguage\":\"sk-SK\"}]}<\/script>\n<!-- \/ Yoast SEO plugin. -->","yoast_head_json":{"title":"Cenn\u00edk \u0161k.rok 2026\/2027 - S\u00fakromn\u00e1 \u0161k\u00f4lka CILILIN","robots":{"index":"index","follow":"follow","max-snippet":"max-snippet:-1","max-image-preview":"max-image-preview:large","max-video-preview":"max-video-preview:-1"},"canonical":"https:\/\/cililin.sk\/index.php\/cennik\/","og_locale":"sk_SK","og_type":"article","og_title":"Cenn\u00edk \u0161k.rok 2026\/2027 - S\u00fakromn\u00e1 \u0161k\u00f4lka CILILIN","og_url":"https:\/\/cililin.sk\/index.php\/cennik\/","og_site_name":"S\u00fakromn\u00e1 \u0161k\u00f4lka CILILIN","article_modified_time":"2026-04-13T20:19:00+00:00","twitter_card":"summary_large_image","twitter_misc":{"Predpokladan\u00fd \u010das \u010d\u00edtania":"2 min\u00faty"},"schema":{"@context":"https:\/\/schema.org","@graph":[{"@type":"WebPage","@id":"https:\/\/cililin.sk\/index.php\/cennik\/","url":"https:\/\/cililin.sk\/index.php\/cennik\/","name":"Cenn\u00edk \u0161k.rok 2026\/2027 - S\u00fakromn\u00e1 \u0161k\u00f4lka CILILIN","isPartOf":{"@id":"https:\/\/www.cililin.sk\/#website"},"datePublished":"2015-07-14T12:09:42+00:00","dateModified":"2026-04-13T20:19:00+00:00","breadcrumb":{"@id":"https:\/\/cililin.sk\/index.php\/cennik\/#breadcrumb"},"inLanguage":"sk-SK","potentialAction":[{"@type":"ReadAction","target":["https:\/\/cililin.sk\/index.php\/cennik\/"]}]},{"@type":"BreadcrumbList","@id":"https:\/\/cililin.sk\/index.php\/cennik\/#breadcrumb","itemListElement":[{"@type":"ListItem","position":1,"name":"Home","item":"https:\/\/www.cililin.sk\/"},{"@type":"ListItem","position":2,"name":"Cenn\u00edk \u0161k.rok 2026\/2027"}]},{"@type":"WebSite","@id":"https:\/\/www.cililin.sk\/#website","url":"https:\/\/www.cililin.sk\/","name":"S\u00fakromn\u00e1 \u0161k\u00f4lka CILILIN","description":"S\u00fakromn\u00e1 \u0161k\u00f4lka - Z\u00e1horsk\u00e1 Bystrica","potentialAction":[{"@type":"SearchAction","target":{"@type":"EntryPoint","urlTemplate":"https:\/\/www.cililin.sk\/?s={search_term_string}"},"query-input":{"@type":"PropertyValueSpecification","valueRequired":true,"valueName":"search_term_string"}}],"inLanguage":"sk-SK"}]}},"_links":{"self":[{"href":"https:\/\/cililin.sk\/index.php\/wp-json\/wp\/v2\/pages\/564","targetHints":{"allow":["GET"]}}],"collection":[{"href":"https:\/\/cililin.sk\/index.php\/wp-json\/wp\/v2\/pages"}],"about":[{"href":"https:\/\/cililin.sk\/index.php\/wp-json\/wp\/v2\/types\/page"}],"author":[{"embeddable":true,"href":"https:\/\/cililin.sk\/index.php\/wp-json\/wp\/v2\/users\/1"}],"replies":[{"embeddable":true,"href":"https:\/\/cililin.sk\/index.php\/wp-json\/wp\/v2\/comments?post=564"}],"version-history":[{"count":27,"href":"https:\/\/cililin.sk\/index.php\/wp-json\/wp\/v2\/pages\/564\/revisions"}],"predecessor-version":[{"id":9182,"href":"https:\/\/cililin.sk\/index.php\/wp-json\/wp\/v2\/pages\/564\/revisions\/9182"}],"wp:attachment":[{"href":"https:\/\/cililin.sk\/index.php\/wp-json\/wp\/v2\/media?parent=564"}],"curies":[{"name":"wp","href":"https:\/\/api.w.org\/{rel}","templated":true}]}}